{"id":166,"date":"2026-01-01T21:06:29","date_gmt":"2026-01-01T20:06:29","guid":{"rendered":"https:\/\/alaibartek.pl\/index.php\/nocleg-2\/"},"modified":"2026-01-01T21:11:15","modified_gmt":"2026-01-01T20:11:15","slug":"nocleg-2","status":"publish","type":"page","link":"https:\/\/alaibartek.pl\/index.php\/strona-glowna\/nocleg-2\/","title":{"rendered":"Nocleg"},"content":{"rendered":"\n<h3 class=\"wp-block-heading\">Nocleg<\/h3>\n\n\n\n<p>Zale\u017cy nam na tym, \u017ceby ka\u017cdy m\u00f3g\u0142 sp\u0119dzi\u0107 ten weekend na spokojnie i bez po\u015bpiechu. Na miejscu istnieje mo\u017cliwo\u015b\u0107 noclegu, jednak liczba miejsc jest ograniczona, dlatego potrzebujemy tej informacji wcze\u015bniej.<\/p>\n\n\n\n<p>Je\u015bli planujecie zosta\u0107 na noc albo wiecie, \u017ce nocleg b\u0119dzie Wam potrzebny, prosimy o zaznaczenie tego w ankiecie. Dzi\u0119ki temu b\u0119dziemy mogli wszystko dobrze zorganizowa\u0107.<\/p>\n\n\n\n\n\n<div class=\"wp-block-buttons is-content-justification-center is-layout-flex wp-container-core-buttons-is-layout-e08e9072 wp-block-buttons-is-layout-flex\" style=\"margin-top:var(--wp--preset--spacing--20);margin-bottom:var(--wp--preset--spacing--20);padding-top:0;padding-right:0;padding-bottom:0;padding-left:0\">\n<div class=\"wp-block-button has-custom-width wp-block-button__width-50 is-style-fill\"><a class=\"wp-block-button__link has-kubio-color-3-background-color has-background has-custom-font-size wp-element-button\" href=\"https:\/\/docs.google.com\/forms\/d\/e\/1FAIpQLSdPV7zmw8AVlJNBiZN6HjQaS9Ixz_KiM03l1yTWMRj1JkP74g\/viewform?usp=dialog\" style=\"border-style:none;border-width:0px;border-radius:0px;padding-top:var(--wp--preset--spacing--40);padding-right:0;padding-bottom:var(--wp--preset--spacing--40);padding-left:0;font-size:1.1em\"><strong>Formularz potwierdzaj\u0105cy obecno\u015b\u0107<\/strong><\/a><\/div>\n<\/div>\n","protected":false},"excerpt":{"rendered":"<p>Nocleg Zale\u017cy nam na tym, \u017ceby ka\u017cdy m\u00f3g\u0142 sp\u0119dzi\u0107 ten weekend na spokojnie i bez po\u015bpiechu. Na miejscu istnieje mo\u017cliwo\u015b\u0107 noclegu, jednak liczba miejsc jest ograniczona, dlatego potrzebujemy tej informacji wcze\u015bniej. Je\u015bli planujecie zosta\u0107 na noc albo wiecie, \u017ce nocleg b\u0119dzie Wam potrzebny, prosimy o zaznaczenie tego w ankiecie. Dzi\u0119ki temu b\u0119dziemy mogli wszystko dobrze [&hellip;]<\/p>\n","protected":false},"author":1,"featured_media":0,"parent":6,"menu_order":0,"comment_status":"closed","ping_status":"closed","template":"","meta":{"saved_in_kubio":true,"footnotes":""},"class_list":["post-166","page","type-page","status-publish","hentry"],"kubio_ai_page_context":{"short_desc":"","purpose":"general"},"_links":{"self":[{"href":"https:\/\/alaibartek.pl\/index.php\/wp-json\/wp\/v2\/pages\/166","targetHints":{"allow":["GET"]}}],"collection":[{"href":"https:\/\/alaibartek.pl\/index.php\/wp-json\/wp\/v2\/pages"}],"about":[{"href":"https:\/\/alaibartek.pl\/index.php\/wp-json\/wp\/v2\/types\/page"}],"author":[{"embeddable":true,"href":"https:\/\/alaibartek.pl\/index.php\/wp-json\/wp\/v2\/users\/1"}],"replies":[{"embeddable":true,"href":"https:\/\/alaibartek.pl\/index.php\/wp-json\/wp\/v2\/comments?post=166"}],"version-history":[{"count":1,"href":"https:\/\/alaibartek.pl\/index.php\/wp-json\/wp\/v2\/pages\/166\/revisions"}],"predecessor-version":[{"id":167,"href":"https:\/\/alaibartek.pl\/index.php\/wp-json\/wp\/v2\/pages\/166\/revisions\/167"}],"up":[{"embeddable":true,"href":"https:\/\/alaibartek.pl\/index.php\/wp-json\/wp\/v2\/pages\/6"}],"wp:attachment":[{"href":"https:\/\/alaibartek.pl\/index.php\/wp-json\/wp\/v2\/media?parent=166"}],"curies":[{"name":"wp","href":"https:\/\/api.w.org\/{rel}","templated":true}]}}